 + 6 = 2*y. What are the prime factors of y?
2
Suppose 3*i + 0*i + 450 = 0. Let u be i/10*(-1)/3. Suppose -f + 88 = 4*o, 0 = f - u*f + o + 352. List the prime factors of f.
2, 11
Let s be 5410/45 - (-2)/(-9). Suppose 288 = 121*m - s*m. List the prime factors of m.
2, 3
What are the prime factors of 1/(-18 - (-159573)/8865)?
3, 5, 197
Let p = -2821 - -2830. Suppose d = 6*d - 10. Suppose 26 = d*z - 2*v, 0 = -2*v + 5*v + p. What are the prime factors of z?
2, 5
Suppose -19*j = -20*j + 6. Suppose 2 = -j*y + 7*y. Suppose -i + 7*u - 12 = y*u, -3*u = -9. What are the prime factors of i?
3
Suppose -232*i = -106*i - 2501856. What are the prime factors of i?
2, 17, 73
Let n = -172 + 114. Let h = n - -63. Suppose 2*y + 4*v - 458 = 0, 7*y - 2*y = -h*v + 1130. What are the prime factors of y?
223
Let n(u) = -u - 31. Let c be n(0). Let j(v) = -18*v - 586. Let k be j(-32). What are the prime factors of k*(-3)/((-15)/c)?
2, 31
Suppose -2150*l + 2153*l + 4*t = 75147, l - 5*t = 25068. List the prime factors of l.
3, 7, 1193
Let q(v) = 102*v**2 + 8*v + 130. List the prime factors of q(-8).
2, 3, 7, 157
Let j be 208 + 1 + 3 + (6 - 1). Suppose 215*z + 644 = j*z. List the prime factors of z.
2, 7, 23
List the prime factors of 8211/9 - 78/18.
2, 227
Let v be 5/25 + (-4)/20. Suppose 7*o + 13*o - 15980 = v. What are the prime factors of o?
17, 47
What are the prime factors of (2/(-19) - (-188212)/(-380))*5*-2?
2, 2477
List the prime factors of (-6)/(-8) + -397*((-222)/24 + 2).
2879
Let u(r) = 2*r + 20 + 15 - 10 + 79. List the prime factors of u(-17).
2, 5, 7
Let l(s) = -8*s**3 + s**2 + 2*s - 3. Let w(b) = -b + 1. Let p(f) = l(f) + 2*w(f). Let u be p(-1). Let t = 46 - u. List the prime factors of t.
2, 19
Let a = 4 - 0. Suppose -3*x + 2*m = -28, 6*x - 50 = x + a*m. Suppose 3*z = -3*d + 42, 2*z - 3*d = 59 - x. What are the prime factors of z?
19
Suppose 3*c = h + 4 + 4, 2*h = -3*c + 11. Suppose 0 = 10*w - c*w - 105. List the prime factors of (6/w)/(2/190).
2, 19
Let a(b) = b**3 - 9*b**2 + 37*b - 2. Let o be a(6). Let f = 620 - o. List the prime factors of f.
2, 127
Let s be (-8)/12*(-2 - 13/(-2)). List the prime factors of ((-2504)/6)/((-28)/(-12) + s).
2, 313
Suppose -174*q + 23265 = -171*q. What are the prime factors of q?
3, 5, 11, 47
Let a be ((-18)/(-6) - -1)/((-1)/(-222)). Suppose -524 = 3*z - 2*s, -6*z - 4*s - a = -z. Let k = z + 298. What are the prime factors of k?
2, 61
Let k(p) = -p**3 - 57*p**2 + 97*p - 152. What are the prime factors of k(-61)?
5, 41, 43
Suppose -28*n + 22961 = 3*p - 23*n, -2*n = 4*p - 30624. List the prime factors of p.
13, 19, 31
Suppose -38*m + 48*m - 8730 = 0. Let z(k) = k - 9. Let u be z(12). Suppose 3*j = 4*v + 6*j - 1143, u*v - 3*j - m = 0. List the prime factors of v.
2, 3
Suppose -1107*l + 1071*l = -874476. What are the prime factors of l?
3, 2699
Let p(t) = 2*t**2 + 57*t - 187. What are the prime factors of p(34)?
17, 239
Suppose -5*y + 14 = 34. Let c be -4 + (-8)/4*14/y. Suppose 197 = c*h - 73. List the prime factors of h.
2, 3, 5
Let v be (-475006)/(-70) - (-16)/(-20). Suppose 9*j - v = 7075. What are the prime factors of j?
2, 5, 7, 11
What are the prime factors of -2*14/28 - -2568?
17, 151
Suppose 15514 = 2*d + 6*o, 98*o - 28 = 94*o. List the prime factors of d.
2, 967
Let u = -35 + 43. Let m be 6/u + 189/4. Suppose -2*i + 155 = 5*c - 0*i, c = 3*i + m. What are the prime factors of c?
3, 11
Let i be (-2)/(-7) + -3 + 99/21. Let v(q) = 6*q**3 - 3*q + 5. Let n be v(i). Let m = 62 + n. List the prime factors of m.
109
Suppose -4*u = 2*p - 2692, 5*p = 9*p - 5*u - 5384. Suppose 3*j = -4*n - 0*j + p, 4*n - 1342 = -5*j. What are the prime factors of n?
2, 13
Suppose 3*g = -c - 164, -2*c = -5*g + 3*g - 104. Let f = g + 155. What are the prime factors of f?
101
Let j(w) = 4*w**3 + 112*w**2 + 25*w + 16. What are the prime factors of j(-20)?
2, 3079
Suppose -36*g = -89*g + 42*g + 373197. List the prime factors of g.
3, 43, 263
Let g(x) = -7*x + 37. Let q be g(7). Let y(z) = z**2 - 6*z + 86. What are the prime factors of y(q)?
2, 151
Suppose 0 = -5*u - 3*k + 51179, -4*u = -16*k + 13*k - 40900. What are the prime factors of u?
13, 787
Let f = 112 + 15. Let g be f + 4/(-16)*-4. Let v = -2 + g. List the prime factors of v.
2, 3, 7
Suppose 56914 + 39545 = 3*f - q, 3*f - 96486 = 4*q. What are the prime factors of f?
2, 5, 643
Let x = -57 - -6349. List the prime factors of x.
2, 11, 13
Let y(o) = 2*o**2 + o - 10. Let z = -17 - -14. Let c be y(z). Suppose 0 = c*m - w - 346, 3*m - 176 - 38 = -w. List the prime factors of m.
2, 5, 7
Let i(k) be the second derivative of -1942*k**3/3 - 2*k**2 - 34*k. Let h be i(-7). List the prime factors of (-4)/(-34) - h/(-136).
2, 5
Suppose -5*k = 4*i - 3421, 0 = 5*k + i + 278 - 3702. List the prime factors of k.
5, 137
Let c be 7/14 - ((-15)/2 - 1). List the prime factors of ((-60)/c)/(3*1/(-54)).
2, 3, 5
Let g = 9 + -5. Let b be 18*(230/15 + 8 - 6/(-3)). Suppose g = -4*u, -3*s + b - 137 = -u. List the prime factors of s.
2, 53
Suppose -4298 = 4*g - 18*g. Let z = 507 + -119. Suppose 4*m - g = 3*x + 2*x, 0 = -5*m + 2*x + z. List the prime factors of m.
2, 3, 13
Suppose -g = -5*j - 22, -g - 76 = -3*g + 2*j. What are the prime factors of (-437)/46*g/(-1)?
3, 7, 19
Let f(j) be the second derivative of 59*j**4/12 + j**3/2 + 17*j**2/2 + 26*j + 1. List the prime factors of f(-3).
7, 11
Let f = -24790 + 46206. What are the prime factors of f?
2, 2677
Let m(p) = 6*p**3 + 3*p**2 + 25*p + 1. Let g(l) = -l**3 + l**2 - 2*l + 1. Let q(c) = -4*g(c) - m(c). What are the prime factors of q(-8)?
7, 101
Let h(y) = 80*y - 61. Let w(s) = 27*s - 20. Let c(x) = -4*h(x) + 11*w(x). Let d = -576 - -570. What are the prime factors of c(d)?
2, 3
List the prime factors of 3636/(-4)*(14/3 + -7).
3, 7, 101
Suppose 10 = -2*l + 5*c, -2*l + c - 2 = -0*l. Suppose l = 6*f - f + 25. List the prime factors of f/15 + (-86)/(-6).
2, 7
Let n = 10 + 14. Suppose -n*w + 22*w = -764. What are the prime factors of w?
2, 191
Suppose -4*c - 3*c + 2625 = 0. Let r = -213 + c. What are the prime factors of r?
2, 3
Let v = 19920 - 10342. List the prime factors of v.
2, 4789
Let p(o) = -214*o**3 + 6*o**2 - 5*o + 19. What are the prime factors of p(-5)?
2, 421
Let b(r) = -r**2 + 8*r + 6. Let y(o) = o**3 + 9*o**2 - 13*o - 18. Let x be y(-10). Suppose 0 = -2*p + x. List the prime factors of b(p).
2, 3
Let l(x) = x**2 - 6*x. Let y be l(7). Let r(u) = 23*u**2 - 8*u - 4. Let g be r(2). Suppose -y*s - g = -10*s. List the prime factors of s.
2, 3
Suppose -l - 4*s = -20, 10 = -l + s + 5. Suppose l = 18*d - 4*d. Suppose v - 23 - 17 = d. What are the prime factors of v?
2, 5
Suppose -25*c = -9*c - 30*c + 389858. What are the prime factors of c?
27847
Let c be ((-250)/(-4) - 0)/(6/(-12)). Let j = c + 130. Suppose -j*l = -2*l - 2*q - 116, 0 = 4*l + 3*q - 166. What are the prime factors of l?
2, 5
Suppose 5*l - 56 = -y, 3*y - 38 = -2*l - 26. What are the prime factors of (-2082)/(-13) - l/78?
2, 5
Let a = 112104 - 49862. List the prime factors of a.
2, 31121
Let c be -4 + -2 + (3 - -5). List the prime factors of 320/1 - c/(-5 - -4).
2, 7, 23
Let d(l) = -5*l**3 + 103*l**2 - 22*l - 12. List the prime factors of d(18).
2, 3, 317
Suppose -25*s - 26586 = -31*s. What are the prime factors of s?
3, 7, 211
Let m = -617 + 1578. Let w = m + -574. List the prime factors of w.
3, 43
Suppose -q - 5*g + 5125 = 0, 2*g + 0*g + 25652 = 5*q. List the prime factors of q.
2, 3, 5, 19
Let m(a) = 9*a - 2151. Let s be m(0). Let c = -1499 - s. What are the prime factors of c?
2, 163
Let t = 8145 + -6216. List the prime factors of t.
3, 643
Let v(q) = -q**3 - q**2 + 1. Let j(k) = 14*k**3 + 6*k**2 - 10. Let f = -34 - -40. Let i(n) = f*v(n) + j(n). List the prime factors of i(2).
2, 3, 5
Let u(b) = b**3 - 9*b**2 + 8*b + 4. Let t be u(8). Suppose 0 = 3*v - t*v - 7. List the prime factors of 2/v + 2984/56.
53
Let j(s) = -3*s - 1. Let u = 19 - 15. Let r be j(u). Let o = 48 + r. List the prime factors of o.
5, 7
Let t be (-8 + (7 - -3))*(-21)/(-6). Suppose t*y - 1693 = 1884. What are the prime factors of y?
7, 73
Suppose -15*t + 1288 + 187920 = -11*t. What are the prime factors of t?
2, 67, 353
Let g(q) = 61071*q**2 - 844*q + 844. List the prime factors of g(1).
3, 20357
Let y = 5081 - -4422. What are th